 what is -217107 - -3?
-217104
In base 11, what is -169a + 1639?
-61
In base 9, what is 24056 - -12?
24068
In base 4, what is -130223 - -23?
-130200
In base 9, what is 1228 + -1048?
170
In base 12, what is -5 - 3986?
-398b
In base 10, what is -89 + 30?
-59
In base 10, what is 33 + -173559?
-173526
In base 16, what is 4 - 35dc?
-35d8
In base 16, what is 6 + 2ed9?
2edf
In base 16, what is -13f98 + 6?
-13f92
In base 5, what is -4 + -103443104?
-103443113
In base 14, what is -4484 + -58?
-44dc
In base 4, what is 11 - -123130022?
123130033
In base 9, what is 2042 - 2665?
-623
In base 7, what is -16260 + 651?
-15306
In base 3, what is 1 - -201022121121?
201022121122
In base 8, what is -741617 + 0?
-741617
In base 4, what is 10 - -10021?
10031
In base 3, what is -110 - 10110121?
-10111001
In base 16, what is 4 - -2e25b?
2e25f
In base 16, what is -c - -69db?
69cf
In base 11, what is -a6529 - 4?
-a6532
In base 16, what is -160c4 + 2?
-160c2
In base 3, what is -11 + -221200011120?
-221200011201
In base 8, what is 330 - 363?
-33
In base 9, what is -123 - -27114?
26881
In base 4, what is -101202212 - 1?
-101202213
In base 4, what is 100032 + -11330?
22102
In base 6, what is 1 - 323031?
-323030
In base 16, what is -e6 + -1c?
-102
In base 3, what is 222210202200 + -2?
222210202121
In base 11, what is -1a3432a - 1?
-1a34330
In base 5, what is 144302 + -4110?
140142
In base 12, what is 153 + -1a4?
-51
In base 2, what is 10 + 1100010111011101101?
1100010111011101111
In base 12, what is -196 - -7973?
7799
In base 14, what is -54732 - -4?
-5472c
In base 12, what is -3 + -2956?
-2959
In base 16, what is b0b6 - -1b?
b0d1
In base 16, what is -2ee - 19?
-307
In base 7, what is 101664 + -45?
101616
In base 12, what is -1 - 100342?
-100343
In base 6, what is -1502 + 2223?
321
In base 3, what is -202001121 + 2?
-202001112
In base 5, what is 10 + 1402403?
1402413
In base 10, what is 1 + 8102?
8103
In base 8, what is -5 - 25247?
-25254
In base 16, what is 7 + -1a260?
-1a259
In base 9, what is -5 + 23624?
23618
In base 7, what is -6 + -42246?
-42255
In base 15, what is 116d - -5?
1173
In base 2, what is -101 - -11100010001100000?
11100010001011011
In base 11, what is 4 + -1189?
-1185
In base 13, what is -48c1 - -c?
-48b2
In base 7, what is 11321 - -103?
11424
In base 8, what is 5 - -36365?
36372
In base 14, what is -3dc - 52d?
-92b
In base 7, what is -5 - 4514500?
-4514505
In base 16, what is 2f8 + -5e?
29a
In base 11, what is -254a + 136?
-2414
In base 3, what is 12 - -201102212120?
201102212202
In base 9, what is 10455658 - -2?
10455661
In base 16, what is -3 - 120e1?
-120e4
In base 4, what is 2 + -2230033?
-2230031
In base 3, what is 21 - -1010122002101?
1010122002122
In base 11, what is -291 - a9?
-38a
In base 15, what is 1105 + 6?
110b
In base 2, what is -111100000001110011 + -101?
-111100000001111000
In base 2, what is 1111011111010111 - 1100?
1111011111001011
In base 14, what is 0 - 29?
-29
In base 15, what is -13b89 - 4?
-13b8d
In base 15, what is 2ee + 898?
b97
In base 8, what is -2 - 5726?
-5730
In base 6, what is 1524 - -455?
2423
In base 6, what is 2 + 45404?
45410
In base 6, what is 2 - -235102?
235104
In base 5, what is -12 + 211303?
211241
In base 4, what is -2 + -1220211?
-1220213
In base 10, what is -146155 - -1?
-146154
In base 9, what is 1312 + 6441?
7753
In base 16, what is -5 + -606c?
-6071
In base 15, what is 5 + -20b4a?
-20b45
In base 5, what is 1 - -4332402?
4332403
In base 10, what is 535 - -3286?
3821
In base 4, what is -2110 - -21032?
12322
In base 10, what is 1 + -1388?
-1387
In base 15, what is -15 + -6bd?
-6d3
In base 8, what is -262 + -314?
-576
In base 12, what is -3 - -55b5?
55b2
In base 12, what is 85687 + 5?
85690
In base 7, what is -110251 + 0?
-110251
In base 2, what is 100101100011 + -10111101?
100010100110
In base 10, what is -2 + 60719?
60717
In base 8, what is -7712 - -4?
-7706
In base 12, what is 80a - 44?
786
In base 11, what is -6a + 115?
56
In base 9, what is -120 + -680?
-810
In base 8, what is -2240 + -1635?
-4075
In base 5, what is 204 + 2142?
2401
In base 16, what is 52 + 7b6?
808
In base 13, what is 1688 - 4?
1684
In base 9, what is 371136 + -3?
371133
In base 7, what is 2 - 25420?
-25415
In base 5, what is 112 + -4114?
-4002
In base 12, what is -3 - -9a98b?
9a988
In base 2, what is -100000001110101011 + 0?
-100000001110101011
In base 11, what is 13676 + -3?
13673
In base 13, what is -14631 + -5?
-14636
In base 16, what is -3 - -5171?
516e
In base 16, what is -3ac - 478?
-824
In base 13, what is -2 - -191892?
191890
In base 2, what is 11 + 10100000111101?
10100001000000
In base 10, what is 3699 - -5?
3704
In base 12, what is -11 + 12802?
127b1
In base 5, what is -10221411 - 3?
-10221414
In base 5, what is 114134012 - -10?
114134022
In base 14, what is -c - d0126?
-d0134
In base 12, what is 5 + -8b28b?
-8b286
In base 15, what is 0 - -ab9c?
ab9c
In base 3, what is -2212201 + 11102?
-2201022
In base 10, what is -5 + 7345?
7340
In base 11, what is -1583 - -127?
-1457
In base 13, what is -60 - 41?
-a1
In base 8, what is 4103075 + -4?
4103071
In base 2, what is -110100101100110 + -1000?
-110100101101110
In base 16, what is -9955 + 5?
-9950
In base 2, what is 100100 + 11011110000?
11100010100
In base 13, what is 594196 + -2?
594194
In base 6, what is -20 - 140025?
-140045
In base 6, what is -30313 + -34?
-30351
In base 3, what is 1001 + -22012000212?
-22011222211
In base 2, what is 10000 - -111111100011110111?
111111100100000111
In base 3, what is 21200202 - -102111?
22010020
In base 10, what is 2855 + 295?
3150
In base 12, what is -10 + -566b?
-567b
In base 15, what is -c720 + 2?
-c71d
In base 8, what is 2441172 - 3?
2441167
In base 11, what is -95675 - -4?
-95671
In base 16, what is 1586 + -3?
1583
In base 7, what is 106 - 1104?
-665
In base 13, what is 33a6 - 7?
339c
In base 13, what is 358c9 - -5?
35901
In base 4, what is 100201 + -12211?
21330
In base 15, what is e8d18 + -1?
e8d17
In base 12, what is -263 - -77?
-1a8
In base 10, what is -2 - -1122866?
1122864
In base 11, what is 40 - 655?
-615
In base 11, what is -16 + -4818?
-4833
In base 12, what is 98 + -30?
68
In base 2, what is 11 - 10100110000111110?
-10100110000111011
In base 2, what is -1101011011011011 + 1110?
-1101011011001101
In base 9, what is 328433 + 22?
328455
In base 13, what is -1c - 1217?
-1236
In base 7, what is 150 + -161136?
-160656
In base 8, what is -4 + -10744?
-10750
In base 2, what is 110000000 + 111101011111?
1000011011111
In base 15, what is -9 - -1ab2?
1aa8
In base 10, what is 24 + -12852?
-12828
In base 14, what is -157b1 + -2?
-157b3
In base 5, what is 213422 - -10224?
224201
In base 8, what is 4 - 2363245?
-2363241
In base 6, what is 14 - 141?
-123
In base 15, what is -6 - -6647?
6641
In base 7, what is -45106 - -40?
-45036
In base 13, what is 5 + -3ab2?
-3aaa
In base 8, what is -1 + -235312?
-235313
In base 12, what is -1 + -32863?
-32864
In base 16, what is -378cb + -5?
-378d0
In base 9, what is -15518 + -31?
-15550
In base 13, what is -1003 + 47?
-c89
In base 2, what is 101000101100 + 11000?
101001000100
In base 14, what is dd + -1a?
c3
In base 4, what is -1 + -1100123202?
-1100123203
In base 13, what is -5245 - -2?
-5243
In base 11, what is -1 - 2a087a?
-2a0880
In base 8, what is 4431 - 27?
4402
In base 8, what is 105 + 1301?
1406
In base 2, what is -100 - 1100110101111?
-1100110110011
In base 12, what is -aa447 - 1?
-aa448
In base 13, what is 7 + -13029?
-13022
In base 2, what is 10101001110000 + 10001001?
10101011111001
In base 6, what is -2032115 + -1?
-2032120
In base 7, what is -6 - 36040?
-36046
In base 16, what is -2ad - cc?
-379
In base 4, what is 1 + -2203000303?
-2203000302
In base 10, what is 1840 - 34?
1806
In base 14, what is -5ba4 - -22?
-5b82
In base 10, what is -669442 + -9?
-669451
In base 6, what is 12 + 2133215?
2133231
In base 8, what is 40466 - -103?
40571
In base 5, what is 12 + -34231140?
-34231123
In base 2, what is 1010001101 + 1000100100?
10010110001
In base 8, what is -4231 - -17?
-4212
In base 13, what is 3183 - 86?
30ca
In base 11, what is 5 + 8035?
803a
In base 9, what is 4 + -2515?
-2511
In base 13, what is 2b15 - 1?
2b14
In base 7, what is -121450 - -45?
-121402
In base 5, what is 10 + -144341?
-144331
